{"id":24,"date":"2019-02-02T15:11:19","date_gmt":"2019-02-02T17:11:19","guid":{"rendered":"http:\/\/concerned-coyote.w5.wpsandbox.pro\/?page_id=24"},"modified":"2024-10-27T10:17:37","modified_gmt":"2024-10-27T13:17:37","slug":"nossa-loja","status":"publish","type":"page","link":"https:\/\/nekineko.com.br\/","title":{"rendered":"Nossa Loja"},"content":{"rendered":"\t\t<div data-elementor-type=\"wp-post\" data-elementor-id=\"24\" class=\"elementor elementor-24\" data-elementor-settings=\"[]\">\n\t\t\t\t\t\t\t<div class=\"elementor-section-wrap\">\n\t\t\t\t\t\t\t<section class=\"elementor-section elementor-top-section elementor-element elementor-element-f4703c5 elementor-section-boxed elementor-section-height-default elementor-section-height-default\" data-id=\"f4703c5\" data-element_type=\"section\">\n\t\t\t\t\t\t<div class=\"elementor-container elementor-column-gap-default\">\n\t\t\t\t\t<div class=\"elementor-column elementor-col-100 elementor-top-column elementor-element elementor-element-11dbf24\" data-id=\"11dbf24\" data-element_type=\"column\">\n\t\t\t<div class=\"elementor-widget-wrap elementor-element-populated\">\n\t\t\t\t\t\t\t\t<div class=\"elementor-element elementor-element-cc5062f elementor-widget elementor-widget-heading\" data-id=\"cc5062f\" data-element_type=\"widget\" data-widget_type=\"heading.default\">\n\t\t\t\t<div class=\"elementor-widget-container\">\n\t\t\t<style>\/*! elementor - v3.5.4 - 23-01-2022 *\/\n.elementor-heading-title{padding:0;margin:0;line-height:1}.elementor-widget-heading .elementor-heading-title[class*=elementor-size-]>a{color:inherit;font-size:inherit;line-height:inherit}.elementor-widget-heading .elementor-heading-title.elementor-size-small{font-size:15px}.elementor-widget-heading .elementor-heading-title.elementor-size-medium{font-size:19px}.elementor-widget-heading .elementor-heading-title.elementor-size-large{font-size:29px}.elementor-widget-heading .elementor-heading-title.elementor-size-xl{font-size:39px}.elementor-widget-heading .elementor-heading-title.elementor-size-xxl{font-size:59px}<\/style><h2 class=\"elementor-heading-title elementor-size-default\">Nossa loja<\/h2>\t\t<\/div>\n\t\t\t\t<\/div>\n\t\t\t\t<div class=\"elementor-element elementor-element-19bf9e3 elementor-widget elementor-widget-text-editor\" data-id=\"19bf9e3\" data-element_type=\"widget\" data-widget_type=\"text-editor.default\">\n\t\t\t\t<div class=\"elementor-widget-container\">\n\t\t\t<style>\/*! elementor - v3.5.4 - 23-01-2022 *\/\n.elementor-widget-text-editor.elementor-drop-cap-view-stacked .elementor-drop-cap{background-color:#818a91;color:#fff}.elementor-widget-text-editor.elementor-drop-cap-view-framed .elementor-drop-cap{color:#818a91;border:3px solid;background-color:transparent}.elementor-widget-text-editor:not(.elementor-drop-cap-view-default) .elementor-drop-cap{margin-top:8px}.elementor-widget-text-editor:not(.elementor-drop-cap-view-default) .elementor-drop-cap-letter{width:1em;height:1em}.elementor-widget-text-editor .elementor-drop-cap{float:left;text-align:center;line-height:1;font-size:50px}.elementor-widget-text-editor .elementor-drop-cap-letter{display:inline-block}<\/style>\t\t\t\t<p style=\"text-align: center;\">Temos uma completa linha de presentes, decora\u00e7\u00e3o, papelaria e uma variedade de gatinhos da sorte, sa\u00fade e prosperidade!<br>Venha nos conhecer no bairro da Liberdade em S\u00e3o Paulo na Rua Galv\u00e3o Bueno, 199.<br>Ou se preferir fa\u00e7a seu pedido diretamente pelo WhatsApp&nbsp;<a title=\"Clique para abrir o Whatsapp\" href=\"https:\/\/wa.me\/5511999171919?text=Ol\u00e1 NekiNeko! Gostaria de tirar uma d\u00favida.\" target=\"_blank\" rel=\"noopener\"><i style=\"vertical-align: middle;\"><\/i><span style=\"font-size: 13px; font-weight: 600;\"> 011 99917-1919<\/span><\/a><\/p>\t\t\t\t\t\t<\/div>\n\t\t\t\t<\/div>\n\t\t\t\t<div class=\"elementor-element elementor-element-6d92469 elementor-widget elementor-widget-image\" data-id=\"6d92469\" data-element_type=\"widget\" data-widget_type=\"image.default\">\n\t\t\t\t<div class=\"elementor-widget-container\">\n\t\t\t<style>\/*! elementor - v3.5.4 - 23-01-2022 *\/\n.elementor-widget-image{text-align:center}.elementor-widget-image a{display:inline-block}.elementor-widget-image a img[src$=\".svg\"]{width:48px}.elementor-widget-image img{vertical-align:middle;display:inline-block}<\/style>\t\t\t\t\t\t\t\t\t\t\t\t<img loading=\"lazy\" decoding=\"async\" width=\"768\" height=\"576\" src=\"https:\/\/nekineko.com.br\/wp-content\/uploads\/2024\/10\/neni-neko-entrada-loja-liberdade-2024-768x576.jpg\" class=\"attachment-medium_large size-medium_large\" alt=\"\" srcset=\"https:\/\/nekineko.com.br\/wp-content\/uploads\/2024\/10\/neni-neko-entrada-loja-liberdade-2024-768x576.jpg 768w, https:\/\/nekineko.com.br\/wp-content\/uploads\/2024\/10\/neni-neko-entrada-loja-liberdade-2024-300x225.jpg 300w, https:\/\/nekineko.com.br\/wp-content\/uploads\/2024\/10\/neni-neko-entrada-loja-liberdade-2024-1024x768.jpg 1024w, https:\/\/nekineko.com.br\/wp-content\/uploads\/2024\/10\/neni-neko-entrada-loja-liberdade-2024-600x450.jpg 600w, https:\/\/nekineko.com.br\/wp-content\/uploads\/2024\/10\/neni-neko-entrada-loja-liberdade-2024.jpg 1280w\" sizes=\"auto, (max-width: 768px) 100vw, 768px\" \/>\t\t\t\t\t\t\t\t\t\t\t\t\t\t\t<\/div>\n\t\t\t\t<\/div>\n\t\t\t\t<div class=\"elementor-element elementor-element-f0ab019 elementor-widget elementor-widget-heading\" data-id=\"f0ab019\" data-element_type=\"widget\" data-widget_type=\"heading.default\">\n\t\t\t\t<div class=\"elementor-widget-container\">\n\t\t\t<h2 class=\"elementor-heading-title elementor-size-default\">Alguns de nossos produtos<\/h2>\t\t<\/div>\n\t\t\t\t<\/div>\n\t\t\t\t<div class=\"elementor-element elementor-element-1e4b47f elementor-widget elementor-widget-menu-anchor\" data-id=\"1e4b47f\" data-element_type=\"widget\" data-widget_type=\"menu-anchor.default\">\n\t\t\t\t<div class=\"elementor-widget-container\">\n\t\t\t<style>\/*! elementor - v3.5.4 - 23-01-2022 *\/\nbody.elementor-page .elementor-widget-menu-anchor{margin-bottom:0}<\/style>\t\t<div id=\"features\" class=\"elementor-menu-anchor\"><\/div>\n\t\t\t\t<\/div>\n\t\t\t\t<\/div>\n\t\t\t\t<div class=\"elementor-element elementor-element-0a03290 elementor-widget elementor-widget-image-carousel\" data-id=\"0a03290\" data-element_type=\"widget\" data-settings=\"{&quot;navigation&quot;:&quot;none&quot;,&quot;autoplay_speed&quot;:2000,&quot;speed&quot;:400,&quot;autoplay&quot;:&quot;yes&quot;,&quot;pause_on_hover&quot;:&quot;yes&quot;,&quot;pause_on_interaction&quot;:&quot;yes&quot;,&quot;infinite&quot;:&quot;yes&quot;}\" data-widget_type=\"image-carousel.default\">\n\t\t\t\t<div class=\"elementor-widget-container\">\n\t\t\t<style>\/*! elementor - v3.5.4 - 23-01-2022 *\/\n.elementor-widget-image-carousel .swiper-container{position:static}.elementor-widget-image-carousel .swiper-container .swiper-slide figure{line-height:inherit}.elementor-widget-image-carousel .swiper-slide{text-align:center}.elementor-image-carousel-wrapper:not(.swiper-container-initialized) .swiper-slide{max-width:calc(100% \/ var(--e-image-carousel-slides-to-show, 3))}<\/style>\t\t<div class=\"elementor-image-carousel-wrapper swiper-container\" dir=\"ltr\">\n\t\t\t<div class=\"elementor-image-carousel swiper-wrapper\">\n\t\t\t\t\t\t\t\t<div class=\"swiper-slide\"><figure class=\"swiper-slide-inner\"><img decoding=\"async\" class=\"swiper-slide-image\" src=\"https:\/\/nekineko.com.br\/wp-content\/uploads\/2022\/02\/nekineko_carrousel_09-768x768.jpg\" alt=\"NekiNeko - Loja no bairro da Liberdade\" \/><\/figure><\/div><div class=\"swiper-slide\"><figure class=\"swiper-slide-inner\"><img decoding=\"async\" class=\"swiper-slide-image\" src=\"https:\/\/nekineko.com.br\/wp-content\/uploads\/2022\/01\/nekineko_carrousel_02-768x767.jpg\" alt=\"Buda - Loja NekiNeki Liberdade\" \/><\/figure><\/div><div class=\"swiper-slide\"><figure class=\"swiper-slide-inner\"><img decoding=\"async\" class=\"swiper-slide-image\" src=\"https:\/\/nekineko.com.br\/wp-content\/uploads\/2022\/01\/nekineko_carrousel_04.jpg\" alt=\"Urso Panda - Loja NekiNeki Liberdade\" \/><\/figure><\/div><div class=\"swiper-slide\"><figure class=\"swiper-slide-inner\"><img decoding=\"async\" class=\"swiper-slide-image\" src=\"https:\/\/nekineko.com.br\/wp-content\/uploads\/2022\/01\/nekineko_carrousel_01.jpg\" alt=\"Daruma - Loja NekiNeko Liberdade\" \/><\/figure><\/div><div class=\"swiper-slide\"><figure class=\"swiper-slide-inner\"><img decoding=\"async\" class=\"swiper-slide-image\" src=\"https:\/\/nekineko.com.br\/wp-content\/uploads\/2022\/01\/nekineko_carrousel_05.jpg\" alt=\"Bagu\u00e1 Feng Shui - Amuleto - Loja NekiNeki Liberdade\" \/><\/figure><\/div><div class=\"swiper-slide\"><figure class=\"swiper-slide-inner\"><img decoding=\"async\" class=\"swiper-slide-image\" src=\"https:\/\/nekineko.com.br\/wp-content\/uploads\/2022\/01\/nekineko_carrousel_06.jpg\" alt=\"Buda Decora\u00e7\u00e3o - Loja NekiNeki Liberdade\" \/><\/figure><\/div><div class=\"swiper-slide\"><figure class=\"swiper-slide-inner\"><img decoding=\"async\" class=\"swiper-slide-image\" src=\"https:\/\/nekineko.com.br\/wp-content\/uploads\/2022\/01\/nekineko_carrousel_07.jpg\" alt=\"Caneca - Loja NekiNeko - Liberdade\" \/><\/figure><\/div><div class=\"swiper-slide\"><figure class=\"swiper-slide-inner\"><img decoding=\"async\" class=\"swiper-slide-image\" src=\"https:\/\/nekineko.com.br\/wp-content\/uploads\/2022\/01\/nekineko_carrousel_03-768x759.jpg\" alt=\"Espada - Loja NekiNeki Liberdade\" \/><\/figure><\/div><div class=\"swiper-slide\"><figure class=\"swiper-slide-inner\"><img decoding=\"async\" class=\"swiper-slide-image\" src=\"https:\/\/nekineko.com.br\/wp-content\/uploads\/2022\/01\/nekineko_carrousel_08-768x767.jpg\" alt=\"NekiNeko - Loja Liberdade\" \/><\/figure><\/div>\t\t\t<\/div>\n\t\t\t\t\t\t\t\t\t\t\t\t\t\t\t\t<\/div>\n\t\t\t\t<\/div>\n\t\t\t\t<\/div>\n\t\t\t\t\t<\/div>\n\t\t<\/div>\n\t\t\t\t\t\t\t<\/div>\n\t\t<\/section>\n\t\t\t\t<section class=\"elementor-section elementor-top-section elementor-element elementor-element-824bf08 elementor-section-boxed elementor-section-height-default elementor-section-height-default\" data-id=\"824bf08\" data-element_type=\"section\">\n\t\t\t\t\t\t<div class=\"elementor-container elementor-column-gap-default\">\n\t\t\t\t\t<div class=\"elementor-column elementor-col-100 elementor-top-column elementor-element elementor-element-c3d72e5\" data-id=\"c3d72e5\" data-element_type=\"column\">\n\t\t\t<div class=\"elementor-widget-wrap elementor-element-populated\">\n\t\t\t\t\t\t\t\t<div class=\"elementor-element elementor-element-9a89e1b elementor-widget elementor-widget-heading\" data-id=\"9a89e1b\" data-element_type=\"widget\" data-widget_type=\"heading.default\">\n\t\t\t\t<div class=\"elementor-widget-container\">\n\t\t\t<h2 class=\"elementor-heading-title elementor-size-default\">Como chegar?<\/h2>\t\t<\/div>\n\t\t\t\t<\/div>\n\t\t\t\t<div class=\"elementor-element elementor-element-861f88b elementor-widget elementor-widget-text-editor\" data-id=\"861f88b\" data-element_type=\"widget\" data-widget_type=\"text-editor.default\">\n\t\t\t\t<div class=\"elementor-widget-container\">\n\t\t\t\t\t\t\t<p><span style=\"color: #51585f; font-family: -apple-system, blinkmacsystemfont, 'segoe ui', roboto, oxygen-sans, ubuntu, cantarell, 'helvetica neue', helvetica, arial, sans-serif; font-size: 14.4px;\">Rua Galv\u00e3o Bueno, 199<br \/><\/span><span style=\"color: #51585f; font-family: -apple-system, blinkmacsystemfont, 'segoe ui', roboto, oxygen-sans, ubuntu, cantarell, 'helvetica neue', helvetica, arial, sans-serif; font-size: 14.4px;\">Liberdade &#8211; S\u00e3o Paulo\/SP<\/span><\/p>\t\t\t\t\t\t<\/div>\n\t\t\t\t<\/div>\n\t\t\t\t\t<\/div>\n\t\t<\/div>\n\t\t\t\t\t\t\t<\/div>\n\t\t<\/section>\n\t\t\t\t<section class=\"elementor-section elementor-top-section elementor-element elementor-element-fc6f7ae elementor-section-boxed elementor-section-height-default elementor-section-height-default\" data-id=\"fc6f7ae\" data-element_type=\"section\">\n\t\t\t\t\t\t<div class=\"elementor-container elementor-column-gap-default\">\n\t\t\t\t\t<div class=\"elementor-column elementor-col-100 elementor-top-column elementor-element elementor-element-a229499\" data-id=\"a229499\" data-element_type=\"column\">\n\t\t\t<div class=\"elementor-widget-wrap elementor-element-populated\">\n\t\t\t\t\t\t\t\t<div class=\"elementor-element elementor-element-03708ab elementor-widget elementor-widget-google_maps\" data-id=\"03708ab\" data-element_type=\"widget\" data-widget_type=\"google_maps.default\">\n\t\t\t\t<div class=\"elementor-widget-container\">\n\t\t\t<style>\/*! elementor - v3.5.4 - 23-01-2022 *\/\n.elementor-widget-google_maps .elementor-widget-container{overflow:hidden}.elementor-widget-google_maps iframe{height:300px}<\/style>\t\t<div class=\"elementor-custom-embed\">\n\t\t\t<iframe frameborder=\"0\" scrolling=\"no\" marginheight=\"0\" marginwidth=\"0\"\n\t\t\t\t\tsrc=\"https:\/\/maps.google.com\/maps?q=rua%20galv%C3%A3o%20bueno%20199&#038;t=m&#038;z=15&#038;output=embed&#038;iwloc=near\"\n\t\t\t\t\ttitle=\"rua galv\u00e3o bueno 199\"\n\t\t\t\t\taria-label=\"rua galv\u00e3o bueno 199\"\n\t\t\t><\/iframe>\n\t\t<\/div>\n\t\t\t\t<\/div>\n\t\t\t\t<\/div>\n\t\t\t\t\t<\/div>\n\t\t<\/div>\n\t\t\t\t\t\t\t<\/div>\n\t\t<\/section>\n\t\t\t\t\t\t<\/div>\n\t\t\t\t\t<\/div>\n\t\t","protected":false},"excerpt":{"rendered":"<p>Nossa loja Temos uma completa linha de presentes, decora\u00e7\u00e3o, papelaria e uma variedade de gatinhos da sorte, sa\u00fade e prosperidade!Venha nos conhecer no bairro da Liberdade em S\u00e3o Paulo na Rua Galv\u00e3o Bueno, 199.Ou se preferir fa\u00e7a seu pedido diretamente pelo WhatsApp&nbsp; 011 99917-1919 Alguns de nossos produtos Como chegar? Rua Galv\u00e3o Bueno, 199Liberdade &#8211; [&hellip;]<\/p>\n","protected":false},"author":1,"featured_media":0,"parent":0,"menu_order":0,"comment_status":"closed","ping_status":"closed","template":"page-templates\/pagebuilder.php","meta":{"footnotes":""},"class_list":["post-24","page","type-page","status-publish","hentry"],"_links":{"self":[{"href":"https:\/\/nekineko.com.br\/index.php?rest_route=\/wp\/v2\/pages\/24","targetHints":{"allow":["GET"]}}],"collection":[{"href":"https:\/\/nekineko.com.br\/index.php?rest_route=\/wp\/v2\/pages"}],"about":[{"href":"https:\/\/nekineko.com.br\/index.php?rest_route=\/wp\/v2\/types\/page"}],"author":[{"embeddable":true,"href":"https:\/\/nekineko.com.br\/index.php?rest_route=\/wp\/v2\/users\/1"}],"replies":[{"embeddable":true,"href":"https:\/\/nekineko.com.br\/index.php?rest_route=%2Fwp%2Fv2%2Fcomments&post=24"}],"version-history":[{"count":92,"href":"https:\/\/nekineko.com.br\/index.php?rest_route=\/wp\/v2\/pages\/24\/revisions"}],"predecessor-version":[{"id":1514,"href":"https:\/\/nekineko.com.br\/index.php?rest_route=\/wp\/v2\/pages\/24\/revisions\/1514"}],"wp:attachment":[{"href":"https:\/\/nekineko.com.br\/index.php?rest_route=%2Fwp%2Fv2%2Fmedia&parent=24"}],"curies":[{"name":"wp","href":"https:\/\/api.w.org\/{rel}","templated":true}]}}